-48)/30)/(4/(-70)).
2, 7
Suppose -z + 2*z = 3. Let l(u) = u**3 - 2*u**2 + 2. List the prime factors of l(z).
11
Suppose -2*n + 7*n - 10 = 0, c - 4*n - 163 = 0. What are the prime factors of c?
3, 19
Let f(u) = 2*u**2 + u. Let g be f(1). Let v = g - -15. Suppose s = v - 8. List the prime factors of s.
2, 5
Suppose 4*l = 3*l + 28. List the prime factors of l.
2, 7
Suppose 10 = 2*j - 6. Let i = 10 - j. List the prime factors of i/6 - 141/(-9).
2
Suppose 2*m = -7*p + 4*p + 24, 3*p - 5*m = 3. Suppose -5*f + p = -4. Suppose 3*y - 2*s = f, -8*y = -3*y + 5*s - 45. What are the prime factors of y?
2
Let g(u) = -4 + 3 + 2 + u + 4. Let w be (9/(-6))/(3/(-8)). What are the prime factors of g(w)?
3
Let w(z) = z + 3. Let a be w(4). Let r = 13 - a. List the prime factors of r.
2, 3
Let g = -2 - -11. Let p be 3/g*(11 - 2). Suppose -2 = -p*b + 10, 0 = 3*d - 5*b - 1. What are the prime factors of d?
7
Let w be (0 + 0)/(-1) - 2. Let u be (-2 - w)/(4/(-2)). Suppose 4*a + 2*i - 3*i - 12 = u, 20 = 4*a - 3*i. What are the prime factors of a?
2
Suppose h = 4*a + 3*h - 8, -5*a + 21 = -3*h. Suppose a*r = -k + 7, 5*k + 2*r - 51 = 23. List the prime factors of k.
2
List the prime factors of 65 - (1 + -4 - -3).
5, 13
Let u = 4 + -2. What are the prime factors of -18*u/(-4)*1?
3
Let f(v) = -v**2 - v + 8. Let h(n) = 2*n**2 + 3*n - 16. Let c(d) = 5*f(d) + 3*h(d). What are the prime factors of c(-6)?
2
Suppose -8*x + 2*x + 156 = 0. List the prime factors of x.
2, 13
Suppose -3*i = 5*n - 23, 4*n - 5*n = -1. List the prime factors of i.
2, 3
Let d be -2*(11/(-2) - -3). Suppose -3*c + 38 = -d*u, 2*u = 3*c - c - 28. List the prime factors of c.
2
Let p(i) = i**3 + i**2 - 3*i + 3. Let f be 60/8*(-8)/(-10). Suppose d + 25 = f*d + 5*z, 0 = -2*z + 6. List the prime factors of p(d).
3
Suppose 0*r - 4*r - 8 = 0. Let p be r + (-9)/(-3) + 2. Suppose -q = -2, 3*q = p*z - 8 + 2. List the prime factors of z.
2
Let d = 14 + -11. What are the prime factors of d?
3
Suppose -3*o = s, 3*s - 2*s = 4*o. Suppose m - 6 - 11 = s. List the prime factors of m.
17
Let k be (3/(-4))/(1/(-52)). Let t = 8 + k. What are the prime factors of t?
47
Let r(t) = -7 + 3*t + 2 - 4. Let w be r(7). List the prime factors of (20/w)/((-1)/(-6)).
2, 5
Let v(i) = -i**2 + 2*i - 5*i**2 + 3 + i**3 + 4. Let q be v(5). Let u = q + 19. What are the prime factors of u?
11
Suppose 6*h = 378 - 114. What are the prime factors of h?
2, 11
Suppose -2*l - 86 = -7*f + 2*f, -38 = -2*f - l. Let h = -5 + f. List the prime factors of h.
13
Suppose 85 = 5*t - 10. List the prime factors of t.
19
Let x(n) = -n**3 + 8*n**2 + n + 3. What are the prime factors of x(6)?
3
Let f(c) = 3*c - 2. Let t be f(2). Suppose 0 = -t*y + 15 + 37. Suppose 2 = 5*s - y. List the prime factors of s.
3
Suppose -5*p + 24 = 3*b, 3*p - 15 = -4*b + 2*b. Suppose s - p = 7. What are the prime factors of s?
2, 5
Suppose 2*a + 2*h = 58, -4*a - 4*h = -h - 113. Suppose 0 = 5*l + s - 28, -4*l + a = -2*s + s. Suppose 0 = -3*u + l + 6. What are the prime factors of u?
2
Suppose 0 = 3*c + 4*s - 47, 0*c - 5*c + 69 = 2*s. List the prime factors of c.
13
What are the prime factors of (-18)/4*(-1 + -1)?
3
List the prime factors of (50 - 1)*(2 + -1).
7
Suppose 0 = -2*s - 5*l, -8*s + 17 = -3*s + 4*l. Suppose 0*x - 29 = -5*x + 3*j, -s*x = 3*j - 11. List the prime factors of x.
2
Suppose 12 = c + c. Suppose 0 = 8*j - c*j - 16. List the prime factors of j.
2
Suppose 6*a - 1463 = 541. List the prime factors of a.
2, 167
Let l(j) be the third derivative of j**5/60 - j**4/6 - j**3/3 + 2*j**2. What are the prime factors of l(5)?
3
Let t(q) = -q**3 + 12*q**2 - 4*q - 19. What are the prime factors of t(10)?
3, 47
Let m(l) = 3*l. Let t be m(-1). Suppose 3*x - 6 = 2*g + g, -g - 6 = 3*x. What are the prime factors of (14 + t)*(-2 - g)?
11
Suppose -4*d + 2*r = 24, 0 = 3*d - 2*r - 2*r + 28. List the prime factors of ((-55)/20)/(1/d).
11
Suppose -98 = -5*m + 1007. List the prime factors of m.
13, 17
Let d(l) = -l**3 + 8*l**2 - 4*l + 5. List the prime factors of d(7).
2, 13
Suppose -4*j + 292 - 72 = 0. Let g = j + -20. List the prime factors of g.
5, 7
Let h(m) = -m**3 - 9*m**2 - 2*m - 13. Let u be h(-8). Let p = 103 + u. List the prime factors of p.
2, 3, 7
Suppose -5*u = -4*u - 5. Suppose -4*q - d = q - 12, -4*q + u*d = -27. Let b = 9 - q. List the prime factors of b.
2, 3
Suppose 10 = 2*m + 4. Suppose 0 = -m*k - 7 + 37. List the prime factors of k.
2, 5
Suppose 31 = -4*j + 11, -j + 10 = 5*u. Let c = 11 + u. What are the prime factors of c?
2, 7
Let x(k) = -k**3 - 12*k**2 - 15*k - 12. What are the prime factors of x(-11)?
2
Let d(g) = -g**3 + 7*g**2 - 3*g - 5. What are the prime factors of d(6)?
13
Let o(z) = z**3 - 3*z**2 + 2*z - 2. Suppose -2*p + 12 = 2*p. Let u be o(p). Suppose 2*w - 4*w + 4*q = -30, -15 = -3*w - u*q. List the prime factors of w.
3
Suppose 0 = -3*a - 0*a - 24. Let g = 6 - a. What are the prime factors of g?
2, 7
List the prime factors of 2 - -1 - (-16 - -2).
17
Let a = 85 - 1. List the prime factors of a.
2, 3, 7
Let j(a) = -4*a - 10. Let v be j(-10). Suppose 7*s - 2*s = v. What are the prime factors of s?
2, 3
Let v be (6/5)/((-6)/(-20)). Let t = -1 + v. List the prime factors of t.
3
Let c be (-6)/(-2)*(-6)/(-9). Suppose -4*g - c = -14. Suppose 12 + g = 3*f. List the prime factors of f.
5
Suppose -5*z + 50 = -0*z. Let j = -52 + 55. Suppose -j*t + 58 - z = 0. List the prime factors of t.
2
Suppose -5*l + 61 - 6 = 0. Let k = -7 + l. Suppose -s + 5*f = -31, -s + 35 = -k*f + 9. What are the prime factors of s?
2, 3
What are the prime factors of (-30)/(-3) + (1 - 1)?
2, 5
List the prime factors of (8/(-12))/((-2)/123).
41
Let c(k) = 8*k**2 - 2*k - 1. List the prime factors of c(2).
3
Suppose -4*p + 17 = -d, 4*d - 2*p - 1 - 1 = 0. Let y = 4 + d. List the prime factors of y.
7
Let g be 2/((-1)/(-4)*1). Suppose 4*h + 3*k - 6*k = g, 2*k + 10 = 5*h. Suppose -h*x + 30 - 6 = 0. List the prime factors of x.
2, 3
List the prime factors of 144/(-54) - (-1)/(-3) - -179.
2, 11
Let p(n) = 305*n**3 + 3*n**2 - 3*n + 2. What are the prime factors of p(1)?
307
Let z = -4 + 4. Suppose z = -4*a - 5 + 37. What are the prime factors of a?
2
Let w(o) = 33*o - 13. Let l(h) = -16*h + 7. Let u(m) = 11*l(m) + 6*w(m). Let y be u(-1). Let f = 32 + y. List the prime factors of f.
3
Let k(q) = q**2 + 6*q + 4. Let v be k(-4). Let u(a) = a**3 + 6*a**2 + 5*a - 3. What are the prime factors of u(v)?
3
Let r = -39 - -74. What are the prime factors of r?
5, 7
Suppose 3*x - 479 = 2*j, -2*j = -x + 3*j + 177. What are the prime factors of x?
157
Let m = 308 + -217. Let p = m - 51. List the prime factors of p/12 - 4/(-6).
2
Suppose 2*i - 5*l = 45, 75 = 3*i - 8*l + 3*l. List the prime factors of i.
2, 3, 5
Let y = 2 + -9. Let p(g) = -g + 2. What are the prime factors of p(y)?
3
Let r = -14 - -6. Let n = -5 - r. Suppose 5 = i + n. List the prime factors of i.
2
Let p(d) be the third derivative of d**5/120 + 13*d**4/24 + d**3/6 + 2*d**2. Let g(a) be the first derivative of p(a). List the prime factors of g(-6).
7
Suppose 3*u = -4*w - 260, -u + 2*w = w + 96. Let q = -65 - u. What are the prime factors of q?
3
Let v be (-695)/(-11) + 6/(-33). Let q = -38 + v. List the prime factors of q.
5
List the prime factors of (-42)/10*5*-2*1.
2, 3, 7
Let a(u) = u**2 + 2. Let y be a(0). Suppose h = -y*h. Let b(m) = m**2 + 7. List the prime factors of b(h).
7
Suppose -4*f = -4*n + 104, -n + 2*n = -3*f - 58. What are the prime factors of (-6)/(-2)*f/(-9)?
7
Suppose -x + 11 = 2. List the prime factors of x.
3
Let f(c) be the first derivative of c**4/4 - c**3/3 + 3*c**2/2 + 4*c - 3. List the prime factors of f(3).
31
Suppose 0 = u + 2*u - 39. Let b = 5 - u. List the prime factors of 50/8 + 2/b.
2, 3
Let j = -4 - -37. What are the prime factors of j?
3, 11
Suppose 2*m = -3*m - 190. List the prime factors of (m/(-5))/((-6)/(-15)).
19
Suppose -l = 2*a - 35, -5*a + 94 = -6*l + 2*l. What are the prime factors of ((-12)/a)/((-2)/123)?
41
Let r(p) = -p**3 + 7*p**2 + 8*p. Let t be r(8). Suppose t = 3*m - s - 8, -2*m = 2*m - 4*s - 8. What are the prime factors of m?
3
Let y be 4/10*10/4. Let g be (y*2)/((-5)/(-140)). Suppose 5*r = -4*l + g, -l + 5*l - 24 = -r. List the prime factors of r.
2
Suppose v - 2*v - 23 = 0. Let s = -11 - v. What are 